 = -5*s + 7. Let q(w) = w**3 + w**2 + 2*w + 6. Let c be q(s). Let n be ((-1)/((-3)/c))/(26/(-1521)). Calculate the greatest common factor of n and 39.
39
Let c(f) = -228*f**3 + 9*f - 9. Let r be c(1). Let p = -223 - r. What is the greatest common divisor of p and 185?
5
Let c = 169 - 55. Let r = c - 54. Calculate the greatest common divisor of 60 and r.
60
Suppose -2*b = 3*c + 4, -2*b = 3*b - c - 24. Let a = -10851 - -10852. What is the highest common divisor of a and b?
1
Let y = -1 + 1. Let j(i) = i**2 - 34*i + 212. Let h be j(8). Suppose y = -h*f - 10 + 94. What is the highest common factor of 231 and f?
21
Let f be 313*-2*(135/(-18))/15. Suppose 5*r + 5*q = r + f, 2*r = 5*q + 119. What is the greatest common divisor of r and 16?
8
Let d(v) = 43*v + 1645. Let o be d(-37). Calculate the greatest common factor of 3438 and o.
18
Let t = -52331 + 52399. Suppose 0*r - 17 = -r. What is the greatest common divisor of r and t?
17
Let q = -73 + -119. Let y = q + 210. What is the highest common divisor of 4 and y?
2
Suppose 0 = -7*n - 3*p + 123, -2*n + 884*p + 26 = 886*p. Suppose -5*z = -473 - 157. What is the highest common divisor of n and z?
21
Let f(r) = r**2 - 10*r - 11. Let s be f(11). Suppose s*x + 2*x = 40. Let m(g) = g**2. Let n be m(2). Calculate the highest common factor of x and n.
4
Suppose -2*p + 3*n = -270, -5*p + 28*n + 666 = 25*n. What is the greatest common factor of 12 and p?
12
Let i = 4430 - 4368. What is the highest common divisor of i and 3162?
62
Suppose 7*j - 21 = -7. Suppose j*x = 5*i - 450, -3*i - x = x - 270. What is the highest common factor of i and 36?
18
Let q(x) = -3*x**2 - 57*x + 11. Let j be q(-19). Suppose 1379 = j*t - 733. What is the highest common divisor of t and 6?
6
Suppose 2*c - 4 = -2*c. Let g be 36*(c + 2/(-6)). Suppose 133*i - 7368 = -164*i - 10*i. Calculate the greatest common divisor of i and g.
24
Suppose 42 - 198 = -463*n + 450*n. Calculate the greatest common divisor of n and 4926.
6
Let x(y) = -2*y**3 - 31*y**2 + 68*y + 1278. Let h be x(-15). Calculate the highest common divisor of 7887 and h.
33
Suppose -73*q + 64*q + 252 = 0. Suppose 16 = 3*x + q, -2*x = 3*a - 1015. Calculate the greatest common divisor of a and 62.
31
Let h be (-20)/(0 - 1185/295 - (-5 - -1)). What is the greatest common factor of 50 and h?
10
Let r = -1281 + 1307. Let o = 79 + -53. Suppose -v + o = v. What is the highest common factor of r and v?
13
Suppose 4*g - 762 = -i, -2*g + 204 = -3*i - 170. Let w = g - 183. Calculate the highest common factor of w and 245.
7
Suppose 8*k + 9*d = 13*d + 40, -2*d - 6 = 3*k. Suppose w + 3*w = 3*z + 3, 2*w - 3*z + 3 = 0. Suppose w = 3*t - 0. What is the greatest common factor of k and t?
1
Suppose -3*b + 826 = -4*o, -10*b + 3*o + 2716 = -o. What is the greatest common factor of b and 3105?
135
Let c = -15478 + 15508. Suppose -4*y - 27 = -147. What is the highest common divisor of c and y?
30
Let l be -1*(-2)/(-4)*(61 - 15). Let v = 18 + l. Let j(i) = -47*i + 7. Let a be j(v). Calculate the greatest common divisor of a and 22.
22
Let s be ((-124)/186)/(4/(-3))*10. Suppose -4*w = -2*w + 4*r - 34, -2*r = -2*w + 28. Calculate the highest common factor of w and s.
5
Let c be (438/(-4))/(-3)*580 + -2. Suppose 0 = 38*y + 4*y - c. What is the greatest common divisor of 72 and y?
72
Let l(a) = -a**2 - 13*a + 46. Let t be l(-15). Suppose 15*u - 155 = -t*u. What is the greatest common factor of 205 and u?
5
Let k be 2/39 + 1965830/78. Calculate the highest common divisor of k and 93.
93
Suppose -128*b + 122*b + 24 = 0. Let n be (b/(-6))/((-96)/(-99) - 1). Calculate the highest common factor of 11 and n.
11
Let f(u) = u**3 - 8*u**2 + 13*u. Let m be f(6). Let o(v) = 86*v + 28. Let h be o(m). What is the greatest common factor of h and 32?
32
Let j be (-77)/(-14)*(-1)/(5/(-20)). Calculate the highest common divisor of 605 and j.
11
Let s be -1 - 11/(-9) - 1820/(-234). Let r(x) = -2*x + 18. Let l be r(s). Suppose m = 3*t + 18, 2*t + 0 = -8. What is the greatest common factor of m and l?
2
Suppose 29*p + 3420 = 41*p. Let x = 10 - 7. Let r(o) = 6*o**2 + 2*o - 3. Let n be r(x). What is the highest common divisor of p and n?
57
Let h = 141 - 130. Let r(d) = 10*d - 74. Let g be r(h). Calculate the greatest common divisor of 9 and g.
9
Let n be 528/(-9)*(-2013)/44. Calculate the highest common divisor of 976 and n.
244
Let h = -638 - -642. Let c be (h + 407 - -8) + 6. What is the highest common factor of c and 25?
25
Let w(o) = -7*o - 2. Let f be w(-7). Let a(d) = 2169*d + 9569. Let i be a(-4). What is the highest common factor of i and f?
47
Let r be (-266256)/(-3024) - (-1)/(-21). Let c = 29 - 17. Let p be (c/(-15))/((-2)/20). Calculate the greatest common divisor of r and p.
8
Suppose 21 = 2*i + 19, -2*t = 5*i - 5829. Suppose -86*r = -112*r + t. Calculate the highest common divisor of r and 896.
112
Let k be (3/(-5)*4)/((-3)/10). Let y(o) = -k - 13 + 7 + 17*o - 2. Let b be y(3). Calculate the highest common factor of b and 385.
35
Let g(y) = y**2 - 8*y - 21. Let r be g(11). Suppose 0 = -3*m + 4*d - 30 + 626, -5*m - 5*d + 1040 = 0. Calculate the greatest common divisor of r and m.
12
Let j = -13136 + 13199. What is the highest common divisor of j and 6363?
63
Let d = 182 + 171. Let q = d - 144. Calculate the highest common divisor of 19 and q.
19
Let o = 173 + -169. Suppose 2*r = -3*r + o*u + 317, 132 = 2*r + u. Calculate the greatest common divisor of r and 585.
65
Suppose 10*x - 940 - 240 = 0. Let j = x - 106. Calculate the greatest common divisor of 84 and j.
12
Suppose y = s + 1, -4*y + 31 = 5*s - 0*s. Let q be s - (-4)/8*-2. Suppose 3*j + 2*t = 28, -1 - 3 = -q*t. Calculate the highest common divisor of j and 8.
8
Let x(m) = m**2 + 47*m + 224. Suppose -4*h = -4, -3*t + h - 22 + 6 = 0. Let u be x(t). Calculate the greatest common factor of u and 210.
14
Suppose 121*l - 35*l - 39*l - 19787 = 0. Calculate the highest common factor of l and 1.
1
Let l = 99 - 54. Let v = 44 - l. Let a = 34 + v. Calculate the greatest common divisor of 22 and a.
11
Let p = -1210 - -1220. Suppose 0 = j - 3*j + 62. Let m = j - p. Calculate the greatest common divisor of m and 7.
7
Suppose -9*p + 5*p + 32 = 0. Suppose -5*r + j + 11 = 0, 5*r = -0*r - j + 9. Suppose -r*g + 4 + 20 = 0. Calculate the greatest common divisor of p and g.
4
Suppose -2*y + 3*z - 16 = -3*y, -y - 5*z + 24 = 0. Let a = -10919 + 10926. What is the greatest common factor of y and a?
1
Suppose -19*i + 34646 = -22297. Suppose 0*n + 9*n - i = 0. Calculate the highest common divisor of 74 and n.
37
Let l(x) = x**3 - 24*x**2 - 857*x + 20578. Let h be l(24). Let f be 3/6 - (-999)/2. What is the greatest common divisor of h and f?
10
Let w = -17504 + 17507. Calculate the greatest common divisor of 96 and w.
3
Let b = -5374 + 5462. What is the greatest common divisor of 11528 and b?
88
Let s = 4499 - 4497. Calculate the greatest common factor of s and 1366.
2
Let u = 19 - 16. Suppose 0 = -2*i - 2*k + 358, k - 842 = -u*i - 299. Let o = -11 - -37. What is the highest common factor of i and o?
26
Let m be 10926 + (57/9 + -5)/(2/(-9)). What is the greatest common divisor of 21 and m?
21
Let g = 45 - 25. Let y be (-4)/g + 5523/15. What is the highest common factor of 46 and y?
46
Let h(v) = 2*v**2 + 38*v - 1648. Let m be h(82). What is the greatest common divisor of m and 24?
12
Let l(y) = y - 30. Let f be l(32). Let s be 10/(f/21*7). Suppose 5*z = -4*i - 1, -i + 13 = -z + 2. Calculate the highest common factor of s and i.
3
Suppose 8*a + 3*a - 2591 = -391. What is the highest common divisor of a and 320?
40
Let r = -53 - -50. Let u be 5 + 3 + r + 3 + 26. What is the greatest common factor of u and 34?
34
Suppose -3*f + 74 = 68. Suppose -38 = -10*a + f. What is the highest common factor of 1 and a?
1
Suppose 0*l = 2*l - 748. Suppose -2*q - 1208 = -10*q. Suppose 4*r - 4*h = -h + q, -3*h - 15 = 0. Calculate the greatest common divisor of l and r.
34
Suppose 3*u = 9, 2*w + 5*u = w + 21. Let l = 126 + -121. Suppose -n + 6*n = -2*o + 117, -4*n - 342 = -l*o. What is the greatest common factor of o and w?
6
Let n(g) = 3*g**2 - 20*g + 139. Let y(t) = -7*t**2 + 43*t - 277. Let i(j) = 9*n(j) + 4*y(j). Let w be i(8). Calculate the highest common divisor of w and 135.
15
Let g(r) = 